t is the remainder when q is divided by 7?
5
Suppose -2*b + 6 = -3*y, 2*y + 10 = -5*b + 63. What is the remainder when 26 is divided by b?
8
Suppose -7*l - 2*l = -711. Calculate the remainder when l is divided by 12.
7
Suppose 2*l + 17 = -9. Suppose 3*r = 5*r + 14. Let x = r - l. What is the remainder when x is divided by 4?
2
What is the remainder when 85 is divided by (3 - 10/(-4))/(1/2)?
8
Suppose -9 + 1 = 2*g. Let z(h) = 3*h**2 - 6*h - 2. Let u be z(g). Suppose 0 = -6*t + t + u. Calculate the remainder when 41 is divided by t.
13
Suppose -2*o + 4*y + 24 = 0, -2*o + 3*y = -3*o - 8. Suppose -2*i - o = -48. What is the remainder when i is divided by 8?
6
Suppose b = -4, -4*v = -0*v - 4*b - 216. Suppose -4*a = -v - 10. What is the remainder when 58 is divided by a?
13
Suppose 73*x - 68*x = 195. What is the remainder when x is divided by 11?
6
Suppose -2 = -2*l + 4. What is the remainder when l is divided by 3?
0
Let t = -1 - -16. What is the remainder when 44 is divided by t?
14
Suppose -3*n - 9*y = -7*y - 12, -3*y = -n + 15. Calculate the remainder when 20 is divided by n.
2
Let c = -11 + 2. Suppose 2 = m + 5. What is the remainder when 3/c*(m - 66) is divided by 12?
11
Let i(g) = -16*g - 43. What is the remainder when 67 is divided by i(-4)?
4
Let o = 169 - 117. Calculate the remainder when -52*(2 + o/(-16)) is divided by 17.
14
Let c = -2 - -5. Let f(z) = c*z - 3 - 4*z - 3*z. What is the remainder when f(-6) is divided by 11?
10
Suppose 6*l - 50 = 3*l - 4*q, -2*l - 5*q + 24 = 0. What is the remainder when l is divided by 14?
8
Let j = -47 - -51. Calculate the remainder when 33 is divided by j.
1
Let a(c) = 2*c**2 - 2*c - 1. Let q(o) be the third derivative of -o**4/24 + 7*o**3/6 - 2*o**2. Let v be q(5). Calculate the remainder when 7 is divided by a(v).
1
Let g(l) = l**3 + 4*l**2 + l - 4. Let p be g(-3). Calculate the remainder when 4 is divided by 5/p*(-24)/(-30).
0
Calculate the remainder when 113 is divided by (-2 + 1)*(2 - 31).
26
Suppose b = -h + 2, 2*b + 1 = 4*h - 1. Let x(k) = k - 7. Calculate the remainder when x(9) is divided by h.
0
Let l = 3 + 0. Let w(v) = 2*v**2 - 22*v + 21. Let g be w(10). Calculate the remainder when (-6)/(l/g) - -19 is divided by 5.
2
Suppose 21 + 0 = -3*b. Let w(i) = 5*i**2 + 11*i + 3. Let f(r) = 6*r**2 + 12*r + 3. Let c(v) = -4*f(v) + 5*w(v). What is the remainder when c(b) is divided by 2?
1
Suppose -4*n + 21 + 16 = -5*u, -2*n - 3*u = -13. Calculate the remainder when 13 is divided by n.
5
Let j(m) = 4*m + 2. Let t = -38 + 64. Suppose 0 = -v + 2*v - t. Calculate the remainder when v is divided by j(3).
12
Let x(g) = -g + 12. Let z be 36/21*21/6. What is the remainder when 17 is divided by x(z)?
5
Let j be 3 - (-1)/(3/(-3)). Calculate the remainder when ((24 - j) + 1)*1 is divided by 12.
11
Let z(n) = n**2 - 13*n - 3. Calculate the remainder when z(14) is divided by 7.
4
Let i(g) = 4*g**2 - 15*g - 13. Let s(n) = 5*n**2 - 16*n - 14. Let w(y) = 6*i(y) - 5*s(y). What is the remainder when w(-6) is divided by 6?
4
Let l = 170 - 133. What is the remainder when l is divided by 1/2*19*2?
18
Let k(g) be the second derivative of g**3/6 + 7*g**2/2 + g. Let c = -3 + 11. Calculate the remainder when 29 is divided by k(c).
14
Calculate the remainder when 2/(-11) - (-8250)/121 is divided by 35.
33
Let r be 88/(-104) - 2/13. Suppose 0 = -4*a + 5 - 1. What is the remainder when a is divided by r/(2/4*-2)?
0
Let g(u) = -12*u**3 - 1. Let p be 2/4 + 18/(-12). Calculate the remainder when 20 is divided by g(p).
9
Suppose 6 - 4 = g. What is the remainder when g - (-1 + (-100)/2) is divided by (18/(-4))/((-1)/4)?
17
Suppose 10 = 2*g, s + g - 31 + 10 = 0. Calculate the remainder when 57 is divided by s.
9
Let k(w) = 0*w - 1 + 3 + w**2 + 3*w. Let a be k(-3). Suppose 8 = -a*f + 28. What is the remainder when 19 is divided by f?
9
Let b(m) = -2*m - 1. Let c be b(1). Let s be ((-32)/c)/(4/24). Suppose 3*q + 2*q = -5*t + 70, -5*t + q = -s. Calculate the remainder when 24 is divided by t.
11
Let i(u) = u**3 + 12*u**2 + 6. Calculate the remainder when 21 is divided by i(-12).
3
Let l = 51 + -38. Calculate the remainder when 30 is divided by l.
4
Suppose 3*o + o = 12. Suppose -3*v + 8*v = -2*q + 92, -o*v - 5*q = -59. Calculate the remainder when 52 is divided by v.
16
Suppose -5*u - 2*l + 136 = -5*l, -5*u - l + 148 = 0. Calculate the remainder when 92 is divided by u.
5
Let y(z) = -z**3 + 12*z**2 + 14*z + 13. Let j be y(13). Let a = j - 6. What is the remainder when a is divided by 7?
6
Let i = 66 + -56. What is the remainder when 17 is divided by i?
7
Suppose -10*z + 12*z = 292. Calculate the remainder when z is divided by 37.
35
Suppose 3*i = -0*i - 4*l + 68, 0 = -5*i - 2*l + 104. Calculate the remainder when 37 is divided by i.
17
Let l(d) = d**2. Let a be l(2). Calculate the remainder when ((-94)/(-4))/(2/a) is divided by (4 + -3)*16/1.
15
Let s(r) = -r + 5. What is the remainder when 46 is divided by s(-7)?
10
Let a be 30/(0 + 3) - 3. Let l be 4/14 + 180/a. Suppose -96 = -5*v - l. Calculate the remainder when v is divided by 8.
6
Suppose 4*n - 104 = -3*a, -2*a + n + 36 = -15. What is the remainder when a is divided by 16?
12
Let z = -30 + 34. Calculate the remainder when 27 is divided by z.
3
What is the remainder when (-5)/((-25)/145) + -5 is divided by 5?
4
Suppose g + 4*c = 157, 2*g + 2*c - 160 = 130. What is the remainder when g is divided by 18?
15
Let w(b) = -b - 2. Let p be w(-6). What is the remainder when 9 is divided by p/26 - 126/(-26)?
4
Let f = 3 + 2. Let b(w) = -3*w - 6. Suppose 3*u - 5*u = 10. Calculate the remainder when b(u) is divided by f.
4
Let h(x) = -3*x**2 - 2*x + 5*x**2 - 4 + 0*x**2. Calculate the remainder when 79 is divided by h(4).
19
Suppose -14*k + 19*k - 70 = 0. Calculate the remainder when 53 is divided by k.
11
Suppose -8 = -f + 60. Suppose -14*w = 5*w - 266. What is the remainder when f is divided by w?
12
Suppose 2*c = f - 4, -4*f - 3*c = -0*c - 16. Suppose -f*x + 79 = -a, -104 = -2*x - 2*x - 4*a. What is the remainder when x is divided by 11?
10
Suppose -22 + 6 = -2*o. Suppose -4*g + 18 = -3*r, 3*g - 5 = 2*r + o. Calculate the remainder when 7 is divided by g.
1
Let f(p) = 2*p**2 + 9*p + 8. Let u be f(-6). Let h = 43 - u. Calculate the remainder when h is divided by 6.
5
Suppose 4*g + 15 - 3 = 4*b, 2*b = -3*g + 11. Let w = 1 + 8. Let f = w - b. Calculate the remainder when f is divided by 2.
1
Let i(j) = -3*j**3 - j**2 + j + 1. Let y be i(-1). Suppose -2*t = t - y*w - 132, 5*t + w = 220. Calculate the remainder when t is divided by 15.
14
Let g be (-4)/2 - (-4 + 0). Let y be g - 34/((-4)/(-2)). What is the remainder when (-3)/y + (-867)/(-15) is divided by 20?
18
Let i = -182 - -267. What is the remainder when i is divided by 43?
42
Let r = 68 + -37. Suppose u - 5 = 6. What is the remainder when r is divided by u?
9
Let w = 8 + 0. Calculate the remainder when 13 is divided by w.
5
Suppose 0*l - 3*l - 6 = 0. What is the remainder when -1 + (-14)/(-4)*6 is divided by (l/(-3))/((-4)/(-42))?
6
Let m(h) = -h**2 + 49. Let s be m(0). Suppose 34 + s = f. Calculate the remainder when f is divided by 21.
20
Suppose -5*t + 489 = 5*s - 681, -4*t - 1125 = -5*s. What is the remainder when s is divided by 21?
19
Suppose 44 = -g + 2*g. Calculate the remainder when g is divided by (-2)/(-2)*(16 + -1).
14
Suppose 4*p - 8 = 0, -9 = 3*x - p - 22. Suppose x*g = -10, -3*k + 2*g = -22 - 18. Suppose 0 = 6*t - t - 175. Calculate the remainder when t is divided by k.
11
What is the remainder when (-1 - -45) + -2 + 5 is divided by 12?
11
Suppose -5*m + 2 = -18. Suppose v - m = 11. Calculate the remainder when v is divided by 8.
7
Suppose m = -4*l + 1732, 3*l - 7*m = -3*m + 1280. Suppose -4*k = -4*r + 264 + l, r = -3. Let u = -116 - k. Calculate the remainder when u is divided by 21.
19
Let f be (1/2*0)/2. Suppose f = 6*u - u - 40. Calculate the remainder when 30 is divided by u.
6
What is the remainder when ((-18)/(-24) + 61/(-4))*-2 is divided by 23?
6
Let r be 334/7 + (-4)/(-14). What is the remainder when (3/1)/(4/r) is divided by 13?
10
Let a(c) = -c**2 + 25*c - 24. Suppose -31 - 9 = -5*f. Calculate the remainder when a(23) is divided by f.
6
Suppose 2*x - 14 = -4. What is the remainder when 51 is divided by (x/(5/